8. Let d be q(a). Let t(i) be the first derivative of -i**2/2 - 14. What is t(d)?
-1
Let w(b) = b**2 - 150*b + 294. Let q be w(2). Let d(g) = -6*g**3 - g**2. Determine d(q).
44
Let y(i) = i**2 + 2*i - 2. Suppose -9*k = -18*k + 27. Suppose -5*b + k*a + 16 = -4, 2*a = b - 11. Give y(b).
1
Let q(f) be the third derivative of f**4/6 + 19*f**3/2 - 86*f**2 - 4*f. What is q(-16)?
-7
Let h(j) be the first derivative of 6*j + 96 + 4*j**2 - 4/3*j**3 - 1/4*j**4. Determine h(-5).
-9
Let x(t) be the first derivative of 6*t**4 - 4*t**3/3 - t**2 + t + 8590. Determine x(-1).
-25
Let v(w) be the second derivative of 13*w**8/6720 - w**4/6 - 7*w**3/3 + 25*w. Let g(d) be the third derivative of v(d). What is g(1)?
13
Let q(c) be the third derivative of -c**4/12 - 17*c**3/6 + 3106*c**2. Give q(26).
-69
Let b(h) be the third derivative of 5*h**4/24 - 2*h**3/3 - 342*h**2 - 2*h. Suppose 3*q + 6 = 18. Calculate b(q).
16
Let i be ((-5)/(40/(-48)))/((-12)/4). Let c(m) = -m**3 - 3*m**2 - 2. Determine c(i).
-6
Suppose v - 84 = -3*v. Let p = 3028 - 3052. Let u = p + v. Let j(t) = -t**2 - 4*t - 4. Calculate j(u).
-1
Let l(h) be the third derivative of 0*h + 2/3*h**3 + 1/12*h**4 + 0 - 37*h**2. Give l(-8).
-12
Let x(a) = -5 + 196*a**3 + 2*a**2 - 77*a**3 - a - 118*a**3 + a - 9*a**2. Let i(v) = -7*v + 12 + 3*v**2 - 5 - 2*v**2. Let y be i(7). Determine x(y).
-5
Let o be (-4)/10 - ((-1139)/5)/17. Let j = 10 - o. Let w(a) = -2*a**2 - a + 9. Determine w(j).
-6
Let x(d) be the third derivative of d**6/120 - d**5/30 - 5*d**4/6 - 10*d**3/3 + 2*d**2 - 3666. Give x(6).
4
Let s(t) be the third derivative of t**7/2520 - t**6/144 - 3*t**5/40 + 6*t**4 + 90*t**2 + 1. Let h(j) be the second derivative of s(j). Determine h(8).
15
Let y(r) = r**2 - r - 10. Let a(n) = n**2 - 3*n - 6. Let w be a(-2). Let u be (0/w)/(-8 - -9). Determine y(u).
-10
Suppose -385 - 431 = -4*i. Let c = i + -201. Let b(v) = -4*v - 4. Determine b(c).
-16
Let x(a) = -2*a**3 - 10*a**2 + a + 1. Let y(q) = q**3 - 44*q**2 + 158*q + 75. Let w be y(40). Give x(w).
-4
Let k(t) = t**2 - 2*t - 4. Suppose 9 = 8*l + l. Suppose -13 = -4*r - l. Suppose r*u - s - 20 = -5*s, 5*u - 28 = -4*s. Determine k(u).
4
Let c(q) = 2*q + 0*q + 0*q + 2 - 1. Suppose -3*b + 52 = -17. Suppose -29*l + b = -6. What is c(l)?
3
Let d(q) = 2*q**2 + 2*q + 2. Suppose -x + 29 = 4*v, -4*x + 70 = 5*v - 90. Let i be 6/(-3 + x/12). Let y be (-24)/i - (-1)/1. Determine d(y).
6
Suppose 4*b + 8 = -0*b. Let s be 12/4 + -4 + 17. Let l(w) = -s*w**2 - 2*w + 2*w**2 + 24*w**2 + 0*w - 14*w**2. What is l(b)?
-12
Let v(w) = -w - 18. Let u be (-1 - -2)*(-12 - (-2 + -2)). Let q be -10*(u - -16)/8. Give v(q).
-8
Let q be 4 - 4/1 - -79. Let j = 68 - q. Let c = -14 - j. Let l(a) = -a**3 - 2*a**2 - a - 1. Give l(c).
11
Let d(r) = 2*r**3 + r + 2. Let w(f) = 7*f**3 - 6*f**2 - 1. Let i(x) = -x**3 + 5*x**2 - 5*x - 6. Let j be i(2). Let z(h) = j*d(h) + w(h). Determine z(-6).
15
Let t = -3714 - -3706. Let h(o) = -o**3 - 11*o**2 - 19*o - 9. Determine h(t).
-49
Let r(s) = 685*s**2 + 679*s**2 + 28*s + 70 - 1362*s**2 - 1. Give r(-11).
3
Let b(n) be the first derivative of -n**2 + 10*n - 9. Let y be b(9). Let z(w) = 4*w - 11 + 4*w - w**2 - 17*w. What is z(y)?
-3
Let n(v) = -19*v**3 - 18*v**2 - 24*v + 4. Let w(g) = -7*g**3 - 6*g**2 - 8*g + 1. Let p(c) = 3*n(c) - 8*w(c). Calculate p(-4).
4
Let d(m) = -11*m**2 - 362*m + 5. Let o(z) = -24*z**2 - 784*z + 12. Let u(t) = 13*d(t) - 6*o(t). Let s = -6 - -11. Give u(s).
8
Let f = -8 + 18. Suppose -5*k = -4 - 6, 5*k = 5*s - f. Let x(u) = 1 + 5*u**2 - s*u + 3*u + 3*u + 0*u. What is x(-1)?
4
Let x = -52 + 47. Let h = 15 - 15. Let z(g) = g + h*g + 0*g - 6 - 2*g. Calculate z(x).
-1
Let r(g) = 2*g + 26. Let z be r(-12). Let b(o) = -14 - 2*o**z + 3*o**2 + 0*o**2 + o + 13. Let n(u) = u**2 - 17*u - 171. Let q be n(-7). Calculate b(q).
5
Let z(f) = 3*f**3 - 4*f**2 - 4*f - 2. Suppose -84*c = -0*c + 168. Determine z(c).
-34
Let r(d) = -2*d**3 - 96*d**2 - 90*d + 186. Let y be r(-47). Let c(m) = 2*m**2 + 1 - m + 3 - 5. What is c(y)?
9
Let g(x) = 0*x**3 + x**2 - 205*x - x**3 - 3*x**2 - 2 + 203*x. Let d(y) be the second derivative of y**3/6 - 5*y**2/2 - 3*y. Let s be d(3). Calculate g(s).
2
Let h(i) = -i**2 + 12*i + 24. Let s be h(13). Suppose -5*o + 3*n + s = 0, 8*o - 3*o - 2*n - 9 = 0. Let w(t) = 6*t - 5*t - o - 4*t. Determine w(1).
-4
Let l(o) = -17*o - 408021 + 16*o + 408024. Let k(d) = -d**2 - 7*d. Let n be (-1 + 6 + 2)/(-1). Let c be k(n). Calculate l(c).
3
Let u(a) = -a**2 + 15*a - 23. Let c be u(13). Suppose -5*l = -c*l - 10. Let p = -6 + l. Let g(d) = -7*d + 1. Determine g(p).
8
Let r(m) = 4 - 4*m**2 + 1 + 5*m**2 + 11*m. Suppose -83*t - 417*t = 315*t + 4890. Calculate r(t).
-25
Let u(g) be the first derivative of -3 - 5 + 1 - g**2 + 8*g + 0. Suppose 3*f = 2*d + 19 + 11, 0 = -f + d + 11. Determine u(f).
-8
Suppose -2*u = -179 + 175. Let z(i) = i - 6*i + 0*i + 3*i - u*i - 15. Calculate z(-5).
5
Let a(j) = -10*j - 162. Suppose -3697 + 3289 = 24*i. Calculate a(i).
8
Let o(d) = 2*d**2 + 25*d - 48. Let g be 572/(-40) - (1 - 91/70). What is o(g)?
-6
Suppose -3*j - 42 = -6*j. Suppose -23*d - 27 = -j*d. Let c(h) = h**3 + 3*h**2 + 2*h. What is c(d)?
-6
Let k be (2/(-4))/(1/8). Suppose -5*f + 10*f + 5*x = -15, -3*f + 5*x = -15. Let a(r) = 4*r + f*r - 4*r - r. What is a(k)?
4
Let n(c) = c - 11. Let g(w) be the second derivative of w**3/6 - 5*w**2/2 + 31*w. Let h be g(12). What is n(h)?
-4
Let i = 2617 + -2601. Let d(q) = -q**2 + 17*q - 15. Determine d(i).
1
Let c(v) be the second derivative of v**4/12 - 5*v**3/6 - v**2/2 - v. Let d = -47 - -34. Let t be 9 + d + 24/3. Give c(t).
-5
Let j = -315 + 317. Let w(x) = 108*x + 2*x**3 - 9 - 52*x - 58*x + 2 - x**3 - 3*x**j. Calculate w(4).
1
Let l be 3 - 1/(1*-4)*(-552)/46. Let i(y) = y**3 + y**2 + y - 1. Determine i(l).
-1
Let t(a) be the first derivative of a**4/2 - a**3 + a - 1. Let z(b) = -2*b**3 - 17*b**2 - 10*b - 6. Let p be z(-8). Suppose 17*i - p = 12*i. Calculate t(i).
5
Suppose 0 = 3*c + 2*n - 14, -2*n + 18 = 4*c - 0*n. Let m be ((-13)/c + 4)*4. Let i(b) = 3 - 6*b**3 + b**2 + 3*b**3 + 2*b**m - b - 2. Determine i(0).
1
Let d(i) be the second derivative of -i**5/20 - 5*i**4/12 + i**3/3 + 13*i**2/2 - 1005*i. Calculate d(-4).
-11
Let z be 64/48*(-78)/(-4). Let w(d) = -d**3 + 7*d**2 + 9*d + 18. Let r be w(8). Let h = z - r. Let b(x) = x**3 - 7. Determine b(h).
-7
Let o(d) be the second derivative of -d**7/2520 + 31*d**5/120 + 4*d**4 - 2*d - 150. Let i(m) be the third derivative of o(m). Give i(0).
31
Let i(y) = 9*y**2 + 200*y + 33. Let u be i(-22). Let o(g) = -g**3 - 13*g**2 - 16*g - 22. Determine o(u).
-88
Suppose -w - 15 = -4*w. Let o be (-3)/(w - 2)*2. Let r(v) be the third derivative of v**5/12 - v**4/8 - v**3/2 - 28521*v**2. Give r(o).
23
Let t(k) = -2*k**3 + 4*k**2 + k - 4. Let y be t(4). Let n = -61 - y. Let i(j) = 2 + 0*j + j**3 + 3 - j + n*j**2. Calculate i(-4).
-7
Let z(h) = -3*h**2 + 10*h + 39. Let u = -268 + 276. Let w(i) = -i**2 + 3*i + 13. Let q(y) = u*w(y) - 3*z(y). What is q(7)?
-6
Let t(h) = -26 - 65*h**2 + 10*h + 0*h + 123*h**2 + 8*h - 59*h**2. Calculate t(12).
46
Let w(d) = d**2 + 5*d - 3. Let z(y) = 11*y - 99. Let x be z(8). Let b be (2 + 0)/(x/(-110)*-5). Calculate w(b).
-7
Let a(z) = z**2 - 3*z - 9. Suppose -2*l - 22*l - 126 = -3*l. Determine a(l).
45
Let z(u) = -7*u**3 + u**2 + u + 1. Suppose -y + 3 = 2*y. Let c be 27/45 - ((-404)/10 - y). Let v = c + -43. Determine z(v).
8
Let h(t) = -2*t**3 + t**2 + t - 1. Suppose -9*p + 20*p = 44. Let j(n) = -n. Let a be j(0). Suppose -p*q + 8 = -a. Give h(q).
-11
Let p(j) = -7*j - 6. Suppose 283 - 185 - 163 = 13*i. Determine p(i).
29
Let w(g) be the first derivative of -32*g**3/3 + 1405. Let t(m) = m**3 + 5*m**2 - 6*m - 1. Let k be t(-6). Determine w(k).
-32
Suppose -3*z = 3*k - 15, -4*z - 9*k = -11*k - 26. Let d(f) = -f**3 + 5*f**2 + 5*f + 5. What is d(z)?
-1
Let a(j) be the first derivative of j**3/3 - 3*j**2 - 6*j - 235. Let r(g) = -g**3 + 3*g - 9. Let z be r(-4). Let t = z + -36. Determine a(t).
1
Suppose 3*m + m + 10 = 2*c, -4*c + 7 = 5*m. Let a(h) be the third derivative of -h**4/8 + 7404*h**2. What is a(c)?
-9
Let o(g) = -23*g**2 - 39*g - 263. Let c(q) = -10*q**2 - 20*q - 127. Let l(z) = -7*c(z) + 3*o(z). Calculate l(-6).
-2
Let n(i) = -i**3 + 16*i**2 - 